7. List the prime factors of w.
2
Let j be 42/189 + 11840/18. Suppose 4*b - j = -0*t + 2*t, 3*b = -t + 491. List the prime factors of b.
2, 41
Let z(n) = 2*n**2 - 36*n + 2. What are the prime factors of z(-9)?
2, 61
List the prime factors of (-27)/6*((-2960)/24 + 6).
2, 3, 11
Suppose -4*k + k = 27. Let c = 13 + k. What are the prime factors of (12/c)/(3/2)?
2
Let i be (0 - 12/(-7))/(46/161). What are the prime factors of 1 - (3 - i - 26)?
2, 3, 5
Let u = -203 - -259. List the prime factors of u.
2, 7
Let i be ((-2)/(-5))/(23/112470). Suppose -i = -7*p - 5*p. What are the prime factors of p?
163
Let v(n) = n**2 + 6*n + 4. Let g = -19 + 23. Let o be 6/g + 51/(-6). List the prime factors of v(o).
11
Let w = 29 - 23. Suppose w = 3*k, -k - 74 = 2*s - 3*k. List the prime factors of 1086/21 - 10/s.
2, 13
Let y = 566 + -255. What are the prime factors of y?
311
Suppose -35760 = 26*a - 34*a. List the prime factors of a.
2, 3, 5, 149
Let f(g) = -2*g**2 + 170*g + 12. What are the prime factors of f(38)?
2, 7
Let a(s) = 2*s + 172. What are the prime factors of a(34)?
2, 3, 5
Let w be -34*(-40)/(-5)*(-3)/6. Let v = w - -116. What are the prime factors of v?
2, 3, 7
What are the prime factors of ((-2583)/12 + -4)/(1/(-20))?
5, 877
Suppose 0 = -3*y + 5*y - 30. Let w = 19 - y. Suppose 0 = u - 2*s - 40, -3*u + 0*s = w*s - 120. List the prime factors of u.
2, 5
Let h be 9 - (-280)/(-48) - 2/12. Suppose 0 = -4*d + 6*r - h*r + 938, -5*r = 3*d - 689. What are the prime factors of d?
233
Suppose 0 = -2*b - 3*u - 2, 0*u = 3*b - 4*u - 14. List the prime factors of 1*210 - (3 - b).
11, 19
Let l be 5640/(-156) - (-2)/13. Let f = -26 - l. Let g = 18 - f. List the prime factors of g.
2
Suppose -3*r - 2*r = -35. Suppose 6*v + 3 = r*v. Suppose -v*m = -15 - 72. List the prime factors of m.
29
Suppose -4*c + 212 = -4*r, -3*c - 164 = -6*c + 2*r. List the prime factors of c.
2, 29
Suppose 12*t - 280 = 164. What are the prime factors of t?
37
Let w be 36/20*(-10)/(-3). Let t(g) = g**2 + g - 8. Let f be t(w). Let q = f - 14. What are the prime factors of q?
2, 5
Suppose -4*a = -2*f - 0*f - 8708, -5*a = f - 10871. What are the prime factors of a?
3, 5, 29
Let q(d) = d**3 + 2*d**2 + 4*d + 12. Let r be q(-5). Let u = r - -137. List the prime factors of u.
2, 3
Suppose -4862 = 12*t - 40586. What are the prime factors of t?
13, 229
Let z(x) = 135*x - 365. What are the prime factors of z(15)?
2, 5, 83
Suppose 34*m + 7*m = 17958. List the prime factors of m.
2, 3, 73
Let l be 6/9*(-3 - (-30)/4). Suppose 0 = l*y - d - 332, -3*y + d = 2*d - 322. List the prime factors of y.
109
Let q(j) = -j**3 + 18*j**2 + 10*j - 17. Let z be q(10). Suppose -4*h - 5*f = -z, -4*h + 4*f - 455 = -1311. List the prime factors of h.
7, 31
Let x(l) = 12*l - 40. Let k be x(15). Let z = -6 + k. What are the prime factors of z?
2, 67
Let d(j) = 2*j**2 + 4*j - 4. Let i(n) = 2*n - 10. Let w be i(7). Suppose -5*k - 10 = -3*k + w*c, 0 = -c. List the prime factors of d(k).
2, 13
Suppose -18*w + 13*w = -20. What are the prime factors of w + 2/(2/41)?
3, 5
What are the prime factors of ((-378)/84)/((-2)/(-264)*-2)?
3, 11
Let u = 17 + 9. Suppose 0 = 6*p - 100 - u. List the prime factors of p.
3, 7
Let j = 72 - 65. List the prime factors of 1*(-10)/(-35)*j.
2
Suppose -h = 4*h - 20, -2*w - 3*h = -52. Let p = 48 - w. What are the prime factors of p?
2, 7
Let p(r) = 934*r + 52. List the prime factors of p(1).
2, 17, 29
Let b(d) = -6*d**3 - 3*d**2 + 13*d - 44. What are the prime factors of b(-5)?
2, 283
Let p(v) = v**2 - 32*v + 9. List the prime factors of p(34).
7, 11
Suppose 4*v - 8369 = -5*b, 1510 + 4784 = 3*v - 2*b. What are the prime factors of v?
2, 131
Let f(k) = 10*k**2 + 187*k - 59. What are the prime factors of f(-26)?
3, 613
Let n = 833 + -530. List the prime factors of ((-5)/(-15))/(1/n).
101
Let t be 141/6*(-36)/(-2). Suppose 0 = -0*a - 3*a + t. Suppose -a = -3*c + 63. List the prime factors of c.
2, 17
Let k(s) = s**3 - 23*s**2 + 33*s - 12. What are the prime factors of k(22)?
2, 5, 23
Let b(l) = 14*l + 97. What are the prime factors of b(3)?
139
Let w be -4 + 105 + -3 + 0. Suppose -5*h + 446 = 2*p + w, -2*p + 332 = -3*h. List the prime factors of p.
13
Let o be 5/5 - (-1 - 2). Suppose -2*m - o*u - 12 = -5*m, -15 = -m + 5*u. What are the prime factors of -1 + m + -2 - -15?
2, 3
Suppose -i - 26 = -5*k, 0 = 4*k - 2*k - i - 11. Suppose -3*r + 4*o = r - 868, -k*o + 5 = 0. What are the prime factors of r?
2, 109
Let z be 0/(4/(-1 - 1)). Suppose z = -a - a + 114. Suppose -y + 4*y - a = 0. What are the prime factors of y?
19
Suppose 5*m = 17*c - 18*c + 2781, 8327 = 3*c - m. What are the prime factors of c?
2, 347
Suppose -j + 3*f = -2*f - 134, 142 = j - f. Suppose -4*r - 100 = -5*i + j, 4*r = 3*i - 148. What are the prime factors of i?
2, 3
Suppose 103 = 4*h + 5*x - 0*x, -3*h + 81 = 5*x. Suppose 2 = -4*r + 22. Suppose -3*u = -h - r. What are the prime factors of u?
3
Let l(k) = k**2 - 1. Let z(x) = x**3 - 2*x**2 - 4*x + 6. Let f(u) = -4*l(u) - z(u). What are the prime factors of f(-4)?
2, 7
Let q(z) = 7*z + 4. Let g be q(10). Let x = g + -24. Let c = x - 24. List the prime factors of c.
2, 13
Let w(h) = -h**2 + 14. Let g(b) = 2*b**2 - 28. Let n(p) = -4*g(p) - 7*w(p). Let j be n(0). Let r = j - 6. What are the prime factors of r?
2
Let v(s) = 5*s - 31. What are the prime factors of v(8)?
3
Suppose 0 = -5*w + 2*d + 105 + 421, d - 426 = -4*w. Suppose -h = 2*j - 5*j - 193, -249 = 4*j - 3*h. Let p = w + j. What are the prime factors of p?
2, 5
Let r = 39 + -77. Let a = r - -53. Let z = 26 - a. List the prime factors of z.
11
Suppose 10 = -5*i, 4*c - c = -3*i - 99. Let w = 6 - c. What are the prime factors of w?
37
Let l be (2/(-3))/((-4)/36). Let z(g) = 8 + 4*g**3 - 2*g**3 + 6*g**2 - 3*g**3 + 6*g. List the prime factors of z(l).
2, 11
Let a(w) be the third derivative of -w**6/120 + w**5/30 - w**4/24 - w**3 + 5*w**2. What are the prime factors of a(-5)?
2, 3, 29
What are the prime factors of (-6)/(-4)*-2*(-11442)/18?
1907
Let d(v) = -5*v + 3 + 0 - v**3 - 4 + 7*v**2. What are the prime factors of d(4)?
3
Let b be ((-2)/2)/(4 + -3). Let o be 38 - 1/(b/(-2)). Let j = o + -4. What are the prime factors of j?
2
Let x(c) = 7*c - 4*c + 2*c**3 - 11*c + c**2 - 2 - 4*c. List the prime factors of x(5).
3, 71
Suppose -1 = 3*s - 7. Let t = 22 + -10. Suppose 4*r - s = 3*h - t, -3*h = 4*r - 26. What are the prime factors of h?
2, 3
Let y = -36 + 36. Suppose y = -2*s - 2*c + 116, -2*s + 164 = 5*c + 51. What are the prime factors of s?
59
What are the prime factors of 279*5 - (14/2 + -13)?
3, 467
List the prime factors of ((-32)/(-6))/(-6*8/(-5184)).
2, 3
Let d(l) = 24*l**2 - 3*l + 11. Let n(o) = -8*o**2 + o - 4. Let k(h) = 4*d(h) + 11*n(h). List the prime factors of k(3).
3, 23
Let r(u) = -u**3 - 7*u**2 - 23*u - 3. List the prime factors of r(-10).
17, 31
Suppose -17*v = -44 - 381. List the prime factors of v.
5
Suppose -4*x + 7*x - 36 = 0. Suppose x*k - 7*k = 205. List the prime factors of k.
41
Suppose 5*c - 974 = 4*o - o, 4*c = -5*o + 794. What are the prime factors of c?
2, 7
Suppose q - 4 = 0, 2*y = 3*q - q + 7546. List the prime factors of y.
3, 1259
Let x = 645 - 259. Let t = -267 + x. List the prime factors of t.
7, 17
Suppose -9*w + 2*w + 5033 = 0. What are the prime factors of w?
719
Let c be (-7)/(-4) - (-8)/32. Suppose 0 = -3*u - 0*u - s - c, 2*u + 4*s + 8 = 0. Suppose 3*i - 25 - 56 = u. What are the prime factors of i?
3
Let n(i) = 11*i**2 + 46*i + 9. Let v be n(-4). Suppose 14 = -2*s + 56. Let c = v + s. What are the prime factors of c?
2, 11
Let o = 5 - 0. Suppose 0 = 2*z - o*d - 104, -42 = -z + d + 4*d. Suppose -n + z = n + 4*u, -2*n - 5*u = -57. What are the prime factors of n?
41
Suppose 75*r - 15 = 72*r, -r - 2467 = -2*c. List the prime factors of c.
2, 3, 103
Let g be 25/(-15)*(-6)/2. Suppose j = -4*j + s + 87, -g*s = 10. What are the prime factors of j?
17
Suppose -20*n = -97751 + 12471. What are the prime factors of n?
2, 13, 41
Let h = -122 - -293. What are the prime factors of h?
3, 19
What are the prime factors of (-5 - (-3)/1)*-1 + 67?
3, 23
Suppose 46 + 210 = f. Suppose -3*z = 0, z = 4*r + 4*z - f. Let d = 119 - r. List the prime factors of d.
5, 11
Let f = -309 + 579. What are the prime factors of f?
2, 3, 5